s digit of 921?
9
What is the tens digit of 6209?
0
What is the tens digit of 695?
9
What is the thousands digit of 19492?
9
What is the tens digit of 956?
5
What is the tens digit of 18262?
6
What is the thousands digit of 2113?
2
What is the tens digit of 19330?
3
What is the units digit of 624?
4
What is the units digit of 1013?
3
What is the hundreds digit of 19262?
2
What is the units digit of 236?
6
What is the units digit of 539?
9
What is the tens digit of 22680?
8
What is the hundreds digit of 3248?
2
What is the thousands digit of 3970?
3
What is the ten thousands digit of 12162?
1
What is the tens digit of 4368?
6
What is the units digit of 2801?
1
What is the units digit of 7083?
3
What is the hundreds digit of 46381?
3
What is the hundreds digit of 2796?
7
What is the ten thousands digit of 69919?
6
What is the thousands digit of 9782?
9
What is the thousands digit of 13093?
3
What is the tens digit of 6593?
9
What is the hundreds digit of 379?
3
What is the units digit of 6090?
0
What is the tens digit of 6649?
4
What is the units digit of 16836?
6
What is the hundreds digit of 18208?
2
What is the units digit of 3803?
3
What is the hundreds digit of 2908?
9
What is the thousands digit of 1112?
1
What is the units digit of 2037?
7
What is the hundreds digit of 930?
9
What is the tens digit of 14634?
3
What is the units digit of 1183?
3
What is the hundreds digit of 717?
7
What is the units digit of 969?
9
What is the tens digit of 6207?
0
What is the tens digit of 750?
5
What is the tens digit of 126?
2
What is the tens digit of 4931?
3
What is the hundreds digit of 3215?
2
What is the units digit of 2279?
9
What is the hundreds digit of 139?
1
What is the units digit of 30368?
8
What is the thousands digit of 79002?
9
What is the tens digit of 1584?
8
What is the units digit of 685?
5
What is the units digit of 3658?
8
What is the hundreds digit of 175?
1
What is the tens digit of 1427?
2
What is the tens digit of 55817?
1
What is the tens digit of 747?
4
What is the thousands digit of 65225?
5
What is the tens digit of 218?
1
What is the tens digit of 742?
4
What is the thousands digit of 2031?
2
What is the hundreds digit of 2923?
9
What is the hundreds digit of 117410?
4
What is the thousands digit of 1392?
1
What is the tens digit of 7688?
8
What is the hundreds digit of 4608?
6
What is the hundreds digit of 7780?
7
What is the tens digit of 1362?
6
What is the units digit of 21?
1
What is the units digit of 10400?
0
What is the units digit of 1904?
4
What is the hundreds digit of 10694?
6
What is the units digit of 1192?
2
What is the units digit of 3014?
4
What is the units digit of 79591?
1
What is the units digit of 41574?
4
What is the tens digit of 9555?
5
What is the ten thousands digit of 78252?
7
What is the hundreds digit of 471?
4
What is the ten thousands digit of 33626?
3
What is the hundreds digit of 34391?
3
What is the units digit of 10745?
5
What is the units digit of 49839?
9
What is the tens digit of 8894?
9
What is the hundreds digit of 9990?
9
What is the hundreds digit of 858?
8
What is the thousands digit of 2981?
2
What is the hundreds digit of 5103?
1
What is the ten thousands digit of 16484?
1
What is the tens digit of 34140?
4
What is the thousands digit of 6568?
6
What is the hundreds digit of 49331?
3
What is the ten thousands digit of 36081?
3
What is the tens digit of 2513?
1
What is the thousands digit of 26414?
6
What is the units digit of 4017?
7
What is the units digit of 5569?
9
What is the thousands digit of 30702?
0
What is the units digit of 2268?
8
What is the thousands digit of 2484?
2
What is the ten thousands digit of 18901?
1
What is the units digit of 86?
6
What is the thousands digit of 5064?
5
What is the thousands digit of 192834?
2
What is the thousands digit of 21428?
1
What is the ten thousands digit of 13371?
1
What is the units digit of 422?
2
What is the hundreds digit of 26997?
9
What is the units digit of 9541?
1
What is the units digit of 8182?
2
What is the thousands digit of 12394?
2
What is the thousands digit of 49533?
9
What is the units digit of 6138?
8
What is the units digit of 73856?
6
What is the hundreds digit of 993?
9
What is the units digit of 1767?
7
What is the units digit of 3917?
7
What is the units digit of 58106?
6
What is the hundreds digit of 3390?
3
What is the tens digit of 71641?
4
What is the thousands digit of 3208?
3
What is the tens digit of 22405?
0
What is the tens digit of 52856?
5
What is the ten thousands digit of 14887?
1
What is the ten thousands digit of 21653?
2
What is the thousands digit of 3976?
3
What is the units digit of 713?
3
What is the hundreds digit of 4630?
6
What is the tens digit of 21?
2
What is the units digit of 3289?
9
What is the thousands digit of 6632?
6
What is the units digit of 26659?
9
What is the hundreds digit of 6439?
4
What is the thousands digit of 2035?
2
What is the hundreds digit of 1287?
2
What is the tens digit of 42909?
0
What is the tens digit of 1012?
1
What is the thousands digit of 31184?
1
What is the thousands digit of 2069?
2
What is the units digit of 4617?
7
What is the units digit of 2928?
8
What is the units digit of 719?
9
What is the ten thousands digit of 49954?
4
What is the hundreds digit of 3840?
8
What is the units digit of 7422?
2
What is the units digit of 30880?
0
What is the tens digit of 1192?
9
What is the thousands digit of 26126?
6
What is the thousands digit of 44477?
4
What is the hundreds digit of 2958?
9
What is the ten thousands digit of 17389?
1
What is the tens digit of 1112?
1
What is the hundreds digit of 121979?
9
What is the hundreds digit of 3206?
2
What is the tens digit of 65?
6
What is the units digit of 19011?
1
What is the hundreds digit of 881?
8
What is the ten thousands digit of 38281?
3
What is the tens digit of 9420?
2
What is the units digit of 1082?
2
What is the tens digit of 397?
9
What is the ten thousands digit of 49480?
4
What is the ten thousands digit of 17098?
1
What is the hundreds digit of 993?
9
What is the tens digit of 19644?
4
What is the units digit of 34624?
4
What is the units digit of 1668?
8
What is the hundreds digit of 72022?
0
What is the units digit of 984?
4
What is the units digit of 3?
3
What is the units digit of 11166?
6
What is the hundreds digit of 4691?
6
What is the tens digit of 446?
4
What is the ten thousands digit of 54683?
5
What is the thousands digit of 6627?
6
What is the hundreds digit of 5978?
9
What is the tens digit of 39?
3
What is the tens digit of 24438?
3
What is the hundreds digit of 790?
7
What is the tens digit of 1178?
7
What is the hundreds digit of 15922?
9
What is the hundreds digit of 1154?
1
What is the ten thousands digit of 18143?
1
What is the thousands digit of 11504?
1
What is the thousands digit of 6594?
6
What is the tens digit of 595?
9
What is the tens digit of 1526?
2
What is the units digit of 8547?
7
What is the thousands digit of 4611?
4
What is the ten thousands digit of 13611?
1
What is the thousands digit of 2510?
2
What is the tens digit of 142?
4
What is the tens digit of 29868?
6
What is the units digit of 2592?
2
What is the units digit of 251?
1
What is the units digit of 1967?
7
What is the units digit of 28?
8
What is the hundreds digit of 1131?
1
What is the tens digit of 1263?
6
What is the thousands digit of 1617?
1
What is the tens digit of 35662?
6
What is the units digit of 3556?
6
What is the units digit of 952?
2
What is the units digit of 2186?
6
What is the units digit of 93476?
6
What is the units digit of 14061?
1
What is the tens digit of 696?
9
What is the units digit of 1130?
0
What is the hundreds digit of 50821?
8
What is the thousands digit of 1092?
1
What is the hundreds digit of 571?
5
What is the hundreds digit of 578?
5
What is the hundreds digit of 1697?
6
What is the tens digit of 1694?
9
What is the tens digit of 9230?
3
What is the thousands digit of 24913?
4
What is the units digit of 51?
1
What is the units digit of 1589?
9
What is the tens digit of 6138?
3
What is the units digit of 10767?
7
What is the thousands digit of 9862?
9
What is the units digit of 34313?
3
What is the units digit of 786?
6
What is the hundreds digit of 953?
9
